{"id":53,"date":"2017-01-20T09:39:03","date_gmt":"2017-01-20T09:39:03","guid":{"rendered":"http:\/\/physiotherapie-hangelsberg.de\/?page_id=53"},"modified":"2024-01-24T14:25:29","modified_gmt":"2024-01-24T14:25:29","slug":"unsere-leistungen","status":"publish","type":"page","link":"https:\/\/physiotherapie-hangelsberg.de\/?page_id=53","title":{"rendered":"Unsere Leistungen"},"content":{"rendered":"<p style=\"text-align: center;\"><span style=\"color: #e37b12;\">Gesundheit ist ein Geschenk des Lebens, wir helfen Ihnen, sie zu erhalten!<\/span><\/p>\n<h3 style=\"text-align: center;\">Unsere Kassenleistungen<\/h3>\n<ul style=\"text-align: center;\">\n<li>Manuelle Therapie<\/li>\n<li>Krankengymnastik<\/li>\n<li>Massagen<\/li>\n<li>Lymphdrainage<\/li>\n<li>Moorpackungen<\/li>\n<li>Elektrotherapie<\/li>\n<li>Ultraschall<\/li>\n<\/ul>\n<h3 style=\"text-align: center;\">Unsere alternativen Heilbehandlungen<\/h3>\n<ul style=\"text-align: center;\">\n<li>Klangschalenmassage<\/li>\n<li>Fu\u00dfreflexzonentherapie<\/li>\n<li>Aromamassage<\/li>\n<li>Magnetfeldtherapie<\/li>\n<li>Hei\u00dfe Rolle<\/li>\n<li>Schr\u00f6pfen<\/li>\n<li>Reiki<\/li>\n<li>Tapen<\/li>\n<li>Bioenergetische Meditation<\/li>\n<li>Hatha Yoga<\/li>\n<li>Meditationskurse<\/li>\n<\/ul>\n<h3 style=\"text-align: center;\">\u00a0Gruppengymnastik<\/h3>\n<ul>\n<li style=\"text-align: center;\">Yoga<\/li>\n<li style=\"text-align: center;\">Meditation<\/li>\n<li style=\"text-align: center;\">Yoga und Krebs<\/li>\n<\/ul>\n<p style=\"text-align: center;\">(Einzeltherapie oder gesch\u00fctzte Gruppe)<\/p>\n","protected":false},"excerpt":{"rendered":"<p>Gesundheit ist ein Geschenk des Lebens, wir helfen Ihnen, sie zu erhalten! Unsere Kassenleistungen Manuelle Therapie Krankengymnastik Massagen Lymphdrainage Moorpackungen Elektrotherapie Ultraschall Unsere alternativen Heilbehandlungen Klangschalenmassage Fu\u00dfreflexzonentherapie Aromamassage Magnetfeldtherapie Hei\u00dfe Rolle Schr\u00f6pfen Reiki Tapen Bioenergetische Meditation Hatha Yoga Meditationskurse \u00a0Gruppengymnastik Yoga Meditation Yoga und Krebs (Einzeltherapie oder gesch\u00fctzte Gruppe)<\/p>\n","protected":false},"author":2,"featured_media":181,"parent":0,"menu_order":0,"comment_status":"closed","ping_status":"closed","template":"","meta":{"footnotes":""},"class_list":["post-53","page","type-page","status-publish","has-post-thumbnail","hentry"],"_links":{"self":[{"href":"https:\/\/physiotherapie-hangelsberg.de\/index.php?rest_route=\/wp\/v2\/pages\/53","targetHints":{"allow":["GET"]}}],"collection":[{"href":"https:\/\/physiotherapie-hangelsberg.de\/index.php?rest_route=\/wp\/v2\/pages"}],"about":[{"href":"https:\/\/physiotherapie-hangelsberg.de\/index.php?rest_route=\/wp\/v2\/types\/page"}],"author":[{"embeddable":true,"href":"https:\/\/physiotherapie-hangelsberg.de\/index.php?rest_route=\/wp\/v2\/users\/2"}],"replies":[{"embeddable":true,"href":"https:\/\/physiotherapie-hangelsberg.de\/index.php?rest_route=%2Fwp%2Fv2%2Fcomments&post=53"}],"version-history":[{"count":19,"href":"https:\/\/physiotherapie-hangelsberg.de\/index.php?rest_route=\/wp\/v2\/pages\/53\/revisions"}],"predecessor-version":[{"id":303,"href":"https:\/\/physiotherapie-hangelsberg.de\/index.php?rest_route=\/wp\/v2\/pages\/53\/revisions\/303"}],"wp:featuredmedia":[{"embeddable":true,"href":"https:\/\/physiotherapie-hangelsberg.de\/index.php?rest_route=\/wp\/v2\/media\/181"}],"wp:attachment":[{"href":"https:\/\/physiotherapie-hangelsberg.de\/index.php?rest_route=%2Fwp%2Fv2%2Fmedia&parent=53"}],"curies":[{"name":"wp","href":"https:\/\/api.w.org\/{rel}","templated":true}]}}