{"id":10,"date":"2017-01-08T08:14:53","date_gmt":"2017-01-08T08:14:53","guid":{"rendered":"http:\/\/physiotherapie-hangelsberg.de\/?page_id=10"},"modified":"2024-01-24T14:28:57","modified_gmt":"2024-01-24T14:28:57","slug":"ueber-uns","status":"publish","type":"page","link":"https:\/\/physiotherapie-hangelsberg.de\/","title":{"rendered":"\u00dcber uns"},"content":{"rendered":"\n<div class=\"wp-block-group\"><div class=\"wp-block-group__inner-container is-layout-constrained wp-block-group-is-layout-constrained\">\n<h2 style=\"text-align: center;\"><strong><span style=\"color: #bd4c0b;\">Physiotherapiepraxis &#8211; Ellen Pfeiffer<\/span><span style=\"color: #e36410;\"><br \/><\/span><\/strong><\/h2>\n<p style=\"text-align: center;\">Gegr\u00fcndet im M\u00e4rz 2003 kann die Physiotherapiepraxis Ellen Pfeiffer heute auf einen stetig gewachsenen Patientenstamm zur\u00fcckblicken. Seit 2013 bieten wir in unseren neuen R\u00e4umen in Hangelsberg mit unserem erfahrenen Team von 4 Therapeutinnen eine breite Palette der klassischen und modernen Physiotherapie an.<\/p>\n<p style=\"text-align: center;\">So k\u00f6nnen Patienten neben den verordnungsf\u00e4higen Heilmitteln, wie M<a href=\"https:\/\/physiotherapie-hangelsberg.de\/?page_id=118\">anueller Therapie<\/a>, verschiedener Massagetechniken, Krankengymnastik und Manueller\u00a0 Lymphdrainage, Elektrotherapie, Ultraschall und Moorpackungen, auch eine Reihe <a href=\"https:\/\/physiotherapie-hangelsberg.de\/?page_id=120\">alternativer Therapien<\/a> in Anspruch nehmen. Dazu z\u00e4hlen zum Beispiel die Fu\u00dfreflexzonentherapie, Magnetfeldbehandlung, Schr\u00f6pfen und Reiki.\u00a0<\/p>\n<div style=\"width: 525px;\" class=\"wp-video\"><!--[if lt IE 9]><script>document.createElement('video');<\/script><![endif]-->\n<video class=\"wp-video-shortcode\" id=\"video-10-1\" width=\"525\" height=\"295\" loop autoplay preload=\"metadata\" controls=\"controls\"><source type=\"video\/mp4\" src=\"https:\/\/physiotherapie-hangelsberg.de\/wp-content\/uploads\/2017\/01\/2019-09-28-02_EllenPfeifferVersion2019.mp4?_=1\" \/><a href=\"https:\/\/physiotherapie-hangelsberg.de\/wp-content\/uploads\/2017\/01\/2019-09-28-02_EllenPfeifferVersion2019.mp4\">https:\/\/physiotherapie-hangelsberg.de\/wp-content\/uploads\/2017\/01\/2019-09-28-02_EllenPfeifferVersion2019.mp4<\/a><\/video><\/div>\n<p>&nbsp;<\/p>\n<p style=\"text-align: center;\">Sehr hilfreich und unterst\u00fctzend bei vielen Gelenkerkrankungen und R\u00fcckenschmerzen ist das kinesiologische Tapen.<\/p>\n<p style=\"text-align: center;\">Ein \u201eGeheimtipp\u201c zur Entspannung sowie zur Mobilisierung der Selbstheilungskr\u00e4fte ist die <a href=\"https:\/\/physiotherapie-hangelsberg.de\/?page_id=120\">Klangschalenmassage<\/a>.<\/p>\n<p style=\"text-align: center;\">Zweimal w\u00f6chentlich finden <a href=\"https:\/\/physiotherapie-hangelsberg.de\/?page_id=120\">Hatha-Yoga-Kurse <\/a>statt.<\/p>\n<p style=\"text-align: center;\">(Montags 18:00 Uhr und Freitags 08:30 Uhr)<\/p>\n<p style=\"text-align: center;\">Neu! <a href=\"https:\/\/physiotherapie-hangelsberg.de\/?page_id=120\">Meditationskurse<\/a><\/p>\n<p style=\"text-align: center;\">(Freitags 10:00 Uhr)\u00a0<\/p>\n<p style=\"text-align: center;\"><a href=\"https:\/\/physiotherapie-hangelsberg.de\/?page_id=120\">Workshops<\/a><\/p>\n<p style=\"text-align: center;\">Auf den folgenden Seiten erfahren sie mehr zu unseren Angeboten und <a href=\"https:\/\/physiotherapie-hangelsberg.de\/?page_id=53\">Leistungen<\/a> und <a href=\"https:\/\/physiotherapie-hangelsberg.de\/?page_id=35\"><strong>wo sie uns finden:<\/strong><\/a><\/p>\n<p style=\"text-align: center;\">Berliner Landstra\u00dfe 27<\/p>\n<p style=\"text-align: center;\">15537 Gr\u00fcnheide \/ OT Hangelsberg<\/p>\n<p style=\"text-align: center;\"><strong>Terminabsprache und Info \u00fcber Tel.: 033632 -453 (AB)<\/strong><\/p>\n<h6 style=\"text-align: center;\"><strong>\u00d6ffnungszeiten: <\/strong><\/h6>\n<pre style=\"text-align: center;\">Mo 09.00 - 18.00 Uhr <br \/><span style=\"font-size: 1rem;\">Die und Mi 08.00 - 15.00 Uhr <\/span><br \/><span style=\"font-size: 1rem;\">Do 08.00 - 17.00 Uhr<br \/>Fr 11.00 - 15.00 Uhr<br \/><br \/>(Hausbesuche nach Vereinbarung)<\/span><\/pre>\n<\/div><\/div>\n","protected":false},"excerpt":{"rendered":"<p>Physiotherapiepraxis &#8211; Ellen Pfeiffer Gegr\u00fcndet im M\u00e4rz 2003 kann die Physiotherapiepraxis Ellen Pfeiffer heute auf einen stetig gewachsenen Patientenstamm zur\u00fcckblicken. Seit 2013 bieten wir in unseren neuen R\u00e4umen in Hangelsberg mit unserem erfahrenen Team von 4 Therapeutinnen eine breite Palette der klassischen und modernen Physiotherapie an. So k\u00f6nnen Patienten neben den verordnungsf\u00e4higen Heilmitteln, wie Manueller &hellip; <\/p>\n<p class=\"link-more\"><a href=\"https:\/\/physiotherapie-hangelsberg.de\/\" class=\"more-link\"><span class=\"screen-reader-text\">\u201e\u00dcber uns\u201c<\/span> weiterlesen<\/a><\/p>\n","protected":false},"author":2,"featured_media":0,"parent":0,"menu_order":0,"comment_status":"closed","ping_status":"closed","template":"","meta":{"footnotes":""},"class_list":["post-10","page","type-page","status-publish","hentry"],"_links":{"self":[{"href":"https:\/\/physiotherapie-hangelsberg.de\/index.php?rest_route=\/wp\/v2\/pages\/10","targetHints":{"allow":["GET"]}}],"collection":[{"href":"https:\/\/physiotherapie-hangelsberg.de\/index.php?rest_route=\/wp\/v2\/pages"}],"about":[{"href":"https:\/\/physiotherapie-hangelsberg.de\/index.php?rest_route=\/wp\/v2\/types\/page"}],"author":[{"embeddable":true,"href":"https:\/\/physiotherapie-hangelsberg.de\/index.php?rest_route=\/wp\/v2\/users\/2"}],"replies":[{"embeddable":true,"href":"https:\/\/physiotherapie-hangelsberg.de\/index.php?rest_route=%2Fwp%2Fv2%2Fcomments&post=10"}],"version-history":[{"count":70,"href":"https:\/\/physiotherapie-hangelsberg.de\/index.php?rest_route=\/wp\/v2\/pages\/10\/revisions"}],"predecessor-version":[{"id":304,"href":"https:\/\/physiotherapie-hangelsberg.de\/index.php?rest_route=\/wp\/v2\/pages\/10\/revisions\/304"}],"wp:attachment":[{"href":"https:\/\/physiotherapie-hangelsberg.de\/index.php?rest_route=%2Fwp%2Fv2%2Fmedia&parent=10"}],"curies":[{"name":"wp","href":"https:\/\/api.w.org\/{rel}","templated":true}]}}